112
Convert 99 (base 13) to base 6.
330
-33581 (base 11) to base 9
-73611
What is -1301332 (base 5) in base 13?
-b62a
Convert 31122 (base 5) to base 6.
13233
-142451 (base 6) to base 5
-413232
-2001020 (base 3) to base 16
-5d3
Convert 3230 (base 6) to base 12.
516
What is -6 (base 14) in base 16?
-6
What is -16613 (base 8) in base 11?
-5756
Convert 37396 (base 10) to base 16.
9214
What is 1417 (base 10) in base 8?
2611
Convert -110213 (base 4) to base 14.
-6a3
What is -455 (base 15) in base 5?
-12410
Convert -3271 (base 8) to base 10.
-1721
Convert 10a11 (base 11) to base 14.
5ad1
-4424 (base 7) to base 12
-b02
What is -633 (base 16) in base 4?
-120303
Convert 3f5 (base 16) to base 9.
1345
1a9 (base 12) to base 4
10101
What is -1522 (base 6) in base 16?
-19a
What is -114001 (base 5) in base 16?
-109b
-11151 (base 6) to base 10
-1579
-10222 (base 4) to base 2
-100101010
-101011111001101 (base 2) to base 9
-33744
-130 (base 9) to base 8
-154
What is -6544 (base 7) in base 2?
-100100011111
-143503 (base 6) to base 3
-200220210
What is -5974 (base 10) in base 2?
-1011101010110
Convert -2c8 (base 15) to base 11.
-530
What is 78 (base 15) in base 11?
a3
What is 5d (base 14) in base 11?
76
What is 3535 (base 12) in base 5?
142240
-1361 (base 12) to base 6
-14201
What is -383 (base 11) in base 15?
-204
Convert 110011011110010 (base 2) to base 7.
136556
846 (base 10) to base 12
5a6
What is 19c (base 16) in base 7?
1126
What is -404 (base 7) in base 10?
-200
What is 3c0 (base 15) in base 9?
1150
What is -112060 (base 8) in base 11?
-26558
111100010 (base 2) to base 7
1256
-122110012 (base 3) to base 13
-5a38
What is 1753 (base 8) in base 7?
2632
What is 4300 (base 8) in base 15?
9e5
What is -82 (base 11) in base 2?
-1011010
Convert 318 (base 11) to base 14.
1d4
-b82 (base 16) to base 4
-232002
Convert -2a63 (base 11) to base 13.
-1a42
15534 (base 8) to base 2
1101101011100
-1a0 (base 12) to base 16
-108
What is -1a42 (base 16) in base 14?
-2642
Convert 20102 (base 3) to base 12.
125
What is 121340 (base 6) in base 4?
2213130
Convert 5 (base 13) to base 3.
12
What is 7025 (base 13) in base 2?
11110000110010
1223 (base 4) to base 13
83
What is -11101100101 (base 2) in base 4?
-131211
-582 (base 11) to base 10
-695
Convert -11022 (base 3) to base 11.
-a6
-16541 (base 11) to base 14
-86a9
-122652 (base 7) to base 9
-34030
What is -22305 (base 6) in base 16?
-c41
-34506 (base 8) to base 7
-60514
What is 2012021 (base 3) in base 14?
824
What is 2214 (base 6) in base 8?
1002
Convert 21605 (base 9) to base 12.
8372
-26422 (base 8) to base 16
-2d12
Convert b2 (base 13) to base 15.
9a
What is -2114 (base 8) in base 7?
-3131
What is 10221202 (base 3) in base 7?
11255
10110011010 (base 2) to base 3
1222010
What is 1069d (base 16) in base 15?
14dbe
Convert -504 (base 13) to base 10.
-849
What is 1368 (base 11) in base 7?
5104
What is 5 (base 15) in base 11?
5
11100020 (base 3) to base 9
4306
Convert 1c4 (base 16) to base 15.
202
Convert 1010101001 (base 2) to base 14.
369
-d6c (base 14) to base 7
-10465
-ea36 (base 15) to base 12
-24813
Convert -1604 (base 14) to base 8.
-7524
What is -944 (base 11) in base 12?
-7a9
What is -10461 (base 14) in base 5?
-2224120
11c4 (base 15) to base 12
2234
3106 (base 15) to base 6
115540
What is 610 (base 8) in base 15?
1b2
-158 (base 12) to base 4
-3110
What is -b5c1 (base 14) in base 3?
-1120222111
152b (base 15) to base 11
3459
What is -128bb (base 15) in base 12?
-2a41b
Convert 1100202 (base 3) to base 11.
822
44 (base 13) to base 7
110
What is -10212202 (base 3) in base 5?
-42303
-17425 (base 8) to base 5
-223312
What is 111111111110 (base 2) in base 6?
30542
What is -1645 (base 7) in base 8?
-1236
What is -258 (base 14) in base 9?
-572
Convert -1014310 (base 5) to base 6.
-205530
-3c07 (base 13) to base 6
-103534
What is -222211 (base 3) in base 4?
-23110
What is -179 (base 14) in base 4?
-10233
What is -22330 (base 6) in base 16?
-c4e
-5a35 (base 11) to base 5
-223103
Convert 1177 (base 8) to base 3.
212200
822 (base 16) to base 2
100000100010
Convert 2510 (base 7) to base 2.
1110101010
Convert 7d0e (base 16) to base 13.
11758
Convert -1145 (base 9) to base 14.
-44b
What is 453 (base 7) in base 10?
234
What is -9106 (base 11) in base 9?
-17541
-344 (base 13) to base 7
-1433
-10a24 (base 12) to base 7
-121510
Convert -44708 (base 9) to base 12.
-1525b
Convert -532 (base 15) to base 5.
-14142
Convert 10011 (base 4) to base 14.
149
Convert 11819 (base 10) to base 3.
121012202
213222 (base 4) to base 15
b43
What is -224545 (base 7) in base 5?
-2240231
What is -100111010100 (base 2) in base 8?
-4724
Convert 602 (base 10) to base 13.
374
What is 6aa (base 14) in base 15?
5d6
What is -349 (base 16) in base 5?
-11331
2411 (base 7) to base 13
536
What is bb26 (base 16) in base 15?
e2e0
2020 (base 5) to base 4
10010
What is -3a6 (base 15) in base 2?
-1100111111
What is 10221012 (base 4) in base 7?
106302
What is -322300 (base 4) in base 10?
-3760
Convert -5351 (base 11) to base 13.
-32b2
Convert 111100001000 (base 2) to base 14.
158c
Convert 23a (base 11) to base 4.
10131
-1482 (base 12) to base 13
-112a
What is -232303 (base 4) in base 12?
-1897
What is -1223141 (base 5) in base 9?
-35262
What is -201111000 (base 3) in base 16?
-377a
Convert -1c00d (base 14) to base 8.
-213275
Convert -113b8 (base 13) to base 16.
-7ab8
3091 (base 14) to base 6
102411
6c76 (base 16) to base 12
1409a
43a (base 12) to base 5
4442
8bc3 (base 13) to base 12
b40a
6820 (base 11) to base 10
8976
Convert -4257 (base 16) to base 2.
-100001001010111
What is 10312 (base 6) in base 12?
998
Convert 11111010 (base 2) to base 8.
372
Convert 13712 (base 8) to base 10.
6090
Convert 2aa5 (base 11) to base 4.
332103
Convert 221 (base 13) to base 6.
1405
What is 30311 (base 4) in base 15?
39b
Convert -11230 (base 5) to base 14.
-423
-16614 (base 8) to base 6
-55004
-831 (base 11) to base 2
-1111101010
b926 (base 15) to base 12
1a816
-6261 (base 7) to base 15
-9b9
Convert -1110101000101 (base 2) to base 7.
-30563
What is -95 (base 10) in base 4?
-1133
What is 12012011 (base 3) in base 4?
323020
Convert -1021012020 (base 3) to base 4.
-12011133
-6c5 (base 15) to base 16
-5ff
What is 1221001 (base 3) in base 4?
111331
What is 117 (base 15) in base 9?
304
Convert 1294 (base 10) to base 12.
8ba
What is 13967 (base 15) in base 13?
22804
What is 25501 (base 6) in base 7?
14143
Convert -1101011 (base 2) to base 4.
-1223
Convert 1e8 (base 16) to base 9.
602
Convert 11112 (base 4) to base 8.
526
What is -26978 (base 10) in base 4?
-12211202
What is -353552 (base 6) in base 14?
-b268
Convert -317b8 (base 12) to base 11.
-44998
What is 1201 (base 5) in base 10?
176
8af (base 16) to base 6
14143
What is 1101110000001 (base 2) in base 11?
5321
What is 1046 (base 15) in base 10?
3441
What is a29 (base 11) in base 2?
10011011001
Convert 2b07 (base 13) to base 9.
8525
Convert -216a (base 12) to base 4.
-321202
What is -9284 (base 13) in base 4?
-10323323
What is 10211222 (base 3) in base 8?
5367
What is 1222101 (base 3) in base 12?
a01
What is -37d (base 14) in base 7?
-2016
Convert -30525 (base 6) to base 9.
-5538
201 (base 16) to base 6
2213
What is 283 (base 13) in base 4?
12331
Convert -1000100011 (base 2) to base 6.
-2311
What is -11577 (base 8) in base 10?
-4991
Convert 62773 (base 8) to base 16.
65fb
What is 28b5 (base 13) in base 11?
4479
-10531 (base 6) to base 11
-113a
Convert 15 (base 13) to base 12.
16
-125a0 (base 12) to base 10
-25032
Convert 310211 (base 4) to base 12.
1b45
What is -21646 (base 12) in base 7?
-242424
Convert -260 (base 9) to base 8.
-330
What is -666 (base 9) in base 11?
-457
What is 112304 (base 6) in base 14?
370c
11201120211 (base 3) to base 6
1554334
-101101121 (base 3) to base 14
-2a92
Convert -10001010000 (base 2) to base 6.
-5040
Convert 262a (base 13) to base 16.
1544
What is -13120 (base 4) in base 15?
-217
What is 346 (base 11) in base 2?
110011101
What is 4313 (base 9) in base 13?
159c
What is -341422 (base 6) in base 9?
-43555
Convert -10001000100 (base 2) to base 9.
-1443
Convert -422015 (base 6) to base 16.
-855b
-48c (base 14) to base 2
-1110001100
Convert 3661 (base 7) to base 8.
2526
What is -1379 (base 16) in base 6?
-35025
What is -